 + 34, 2*p - 2*y - 22 = 0. Suppose p*h - 19 = 37. Calculate i(h).
27
Let l(n) = 16*n - 6. Suppose 158*u + 2 = -7*u + 2. Calculate l(u).
-6
Suppose 284*s - 280*s - 288 = 0. Suppose 0 = -36*a + 44*a - s. Let f(u) = u - 1. Determine f(a).
8
Let g(k) = -4*k + 6. Suppose a - 160 = 41*a. Let l(f) = 5*f - 4. Let b(o) = a*g(o) - 3*l(o). What is b(9)?
-3
Suppose -1012 = 11*w - 990. Let j(d) = -3*d + 19. What is j(w)?
25
Let r(o) be the second derivative of o**3/3 + 5*o**2 + 48*o. Let q be r(-7). Let k(b) = -11*b - 5. Determine k(q).
39
Let k = -222 - -388. Let r = k + -174. Let g(z) = -9*z**2 - 2*z**3 + 4 + z**3 - 8*z - 1. Calculate g(r).
3
Let n(k) = k**2 - 2*k + 1. Suppose -5*i - 4*d - 2366 = -381, 766 = -2*i + 4*d. Let j = 394 + i. What is n(j)?
0
Let c(z) = z**3 - z**2 - 3*z + 23. Suppose -536*p + 519*p + 1 - 1 = 0. What is c(p)?
23
Let k(z) = -16*z + 62. Let t(x) = 7*x - 21. Let g(a) = -3*k(a) - 8*t(a). What is g(0)?
-18
Let v(z) be the third derivative of -z**6/120 + 7*z**5/60 + 5*z**4/12 - 2*z**3 + 13*z**2 + 4*z. Suppose 16 = 3*y - 8. What is v(y)?
4
Let x(y) be the third derivative of -y**6/120 - 2*y**5/15 - y**4/8 - 29*y**3/6 + 209*y**2. Determine x(-8).
-5
Let b be 0/(2/1*(735/(-14))/(-35)). Let v = -2 + 5. Let l(h) = -3 - 2 - 3*h**3 + 4*h**v - h. Give l(b).
-5
Let t(z) = -z**3 + z**2 - z + 5. Suppose 3*v - 5 + 3 = -4*n, 0 = -5*n - v - 3. Let f be -3*(-2)/18*-3 - n. Calculate t(f).
5
Let x(y) = -2*y + 6. Let p(c) = 3*c**2 - c. Let n = -525 - -524. Let j be p(n). Give x(j).
-2
Let f be (-2265)/(-55) + 1 + (-91)/77. Suppose 5*y - 4*q = f, -34*y = -30*y + 5*q. Let r(p) = -p - 3. Give r(y).
-8
Suppose 45*c - 57 = 42*c. Let l(z) = -3*z - 13*z**2 - z - 4*z**2 + c*z**2 + 2. Determine l(2).
2
Let m(i) be the third derivative of -i**5/120 - 13*i**3/3 + 3*i**2. Let s(z) be the first derivative of m(z). Let h = 32 - 28. Determine s(h).
-4
Suppose 0 = -a - 7*a - 112. Let k be (-860)/70 + (-4)/a. Let y = -15 - k. Let l(o) = -2*o + 3. Determine l(y).
9
Suppose h = 4, -5*z + 4*h + 24 = -0*h. Suppose -7*f + z*f = 0. Let l(n) be the first derivative of n**4/4 - n**3/3 + 7*n + 89. Calculate l(f).
7
Suppose 4831 = 5*c + 2*c + 4880. Let i(f) = 12*f + 29. What is i(c)?
-55
Let a(v) = 2*v**2 - 2*v - 3*v**2 + v - 52433 + 52470. What is a(-6)?
7
Let m be -2*(-3)/18 + 15/9. Let s(f) = 14*f + 9*f - f**m - 21*f. Suppose -4*w - 1 = -2*g - 3, 3*w - g = -1. Determine s(w).
-8
Let d(n) = -5*n**2 - n - 42. Let x be 39 - 45 - (-12 + 1 - -5). Calculate d(x).
-42
Let d be (-21)/2 - (-9)/6. Let h(z) be the first derivative of -1/3*z**3 + 5*z + 7 - 4*z**2. What is h(d)?
-4
Let k(o) = -o**2 + 13*o + 13. Let l be k(13). Suppose -l*d + 39 = -0*d. Let q(u) = 4*u + 6. Let y(v) = 9*v + 13. Let a(b) = -7*q(b) + 3*y(b). Give a(d).
-6
Let z(n) be the first derivative of n**2 - 14*n - 16. Let a be z(7). Let t(p) = p**2 - p + 23. Determine t(a).
23
Let x(j) = 58*j. Suppose v + 7 = -6*t, -29*v + 5*t = -33*v - 9. Determine x(v).
-58
Let i be (-1)/5 + -5 + 326/5. Let v = -62 + i. Let j(l) be the third derivative of -l**4/12 - l**3/6 + 19*l**2. What is j(v)?
3
Let m(y) = 5*y**3 - 5*y**2 + 10*y - 8. Let c(f) = -22*f**3 + 20*f**2 - 40*f + 32. Let p(u) = 2*c(u) + 9*m(u). Determine p(6).
88
Let a(d) = -d**2 + 4*d. Suppose 0 = 4*k + k - 20. Let g be (k + -4 + 1)*11. Suppose -g*n + 15 + 29 = 0. Give a(n).
0
Suppose 0 = -14*d + 3*d + 451. Let o(w) = 58 + d + 0*w - 3*w - 81. What is o(6)?
0
Let z(q) = -q**3 - 8*q**2 - 18*q - 4. Let s be z(-4). Let y be -5 - 4 - -7 - s. Let g(c) = -c**3 - 6*c**2 + 3. Calculate g(y).
3
Suppose 77*u + 4*u = 774 - 45. Let j(b) = -b - 1. Let i(h) = -4*h - 11. Let o(l) = i(l) - 3*j(l). Calculate o(u).
-17
Let z(x) = -x**3 - 11*x**2 - 2*x + 9. Let c = -3010 + 2999. What is z(c)?
31
Suppose -339*d = -132*d + 621. Let v(n) = 5*n + 10. Let h(f) = -14*f - 29. Let t(m) = 6*h(m) + 17*v(m). Give t(d).
-7
Let y(u) = 9*u**3 - u**2 - u + 1. Let r be (-4)/(-6) - 5845/105. Suppose -c = 5*p - 17 + 98, -c - p - 61 = 0. Let h = r - c. What is y(h)?
8
Let a(o) = 3*o + 2. Suppose -5*r - w + 5 = -4, w - 5 = -3*r. Suppose r*x - 15 + 21 = 0. Calculate a(x).
-7
Suppose -l = -5*j + 61, 9*j + 3*l + 7 = 64. Let f(n) = -n**2 + 10*n + 1 + 0 + 2. What is f(j)?
3
Let o(c) be the second derivative of -7*c**3 + c**2/2 + 4*c - 115. Give o(0).
1
Let j(r) = -r**2 - 338*r - 5466. Let b be j(-17). Let n(p) = 3*p**2 + 29*p + 21. Let v(y) = y**2 + 10*y + 7. Let z(h) = -2*n(h) + 7*v(h). What is z(b)?
-20
Let d(n) = -4 - 48*n**2 + 18*n + 47*n**2 + 14 + n + 7. Calculate d(20).
-3
Let k(s) = -4*s**3 - 2*s**2 + 2*s + 1. Let o = 10 + -23. Let u(q) = 2*q + 11 - 24*q + 23*q. Let a be u(o). Calculate k(a).
21
Let y(m) = m**3 + 4*m**2 + 5*m + 10. Suppose 2*j - 4*k + 174 = -718, 3*k - 449 = j. Let i = -443 - j. Calculate y(i).
4
Suppose 5*t - 3*s + 40 = 4*t, t + 56 = -5*s. Let x = -44 - t. Suppose 3*m + n - x = 6, -17 = -2*m - 3*n. Let f(l) = -l**2 + 1. Give f(m).
0
Let m = 4534 - 4544. Let n(r) = r**3 + 11*r**2 + 11*r + 16. Give n(m).
6
Let a = 86 - 81. Suppose 0*s - s + 4*u - 18 = 0, -u - 6 = a*s. Let r(w) = -17*w - 4. Let x(c) = -8*c - 2. Let m(g) = 3*r(g) - 7*x(g). Determine m(s).
-8
Let j(y) = 10*y + 1. Let z(r) = 2*r**2 + r + 2*r**2 - 1 - 2*r**3 + 11*r**3 - r**2. Let g be z(-2). Let c = g + 64. Calculate j(c).
11
Let x be (-36)/(-16) - ((-5)/(-20) - 0). Let s(c) = -17*c**2 + 11*c**2 + 3*c - 3 + 7*c**2 - x + 2. Give s(-3).
-3
Let n(p) = -p**3 - 15*p**2 + 32. Let j(m) be the first derivative of -m**3 + m + 159. Let d(h) = 5*j(h) - n(h). Give d(0).
-27
Suppose 2*g + 5*b + 9 + 1 = 0, -4*g + 16 = b. Suppose 106 = 41*z + 12*z. Let c(y) = -y**2 - y - 2 + g + z. Give c(-4).
-7
Suppose 363 - 250 = -17*o - 465. Let s(b) = -b**3 - 34*b**2 - b - 21. Determine s(o).
13
Let l = 65 + -63. Let c(m) = 2*m**2 - 3 - 2 - m**2 - l*m. Let o be c(3). Let u(h) = -3*h**3 - 4*h**2 - 3*h - 1. Determine u(o).
13
Let j(c) = c**2 + 10*c + 7. Let h be (-43)/(27/(-33) + (-10)/55). Suppose h*s - 32*s = -99. What is j(s)?
-2
Let q(g) = -13*g - 3*g**2 - g**2 + 5*g**2 + 3*g + 8. Let s be 3/1 + 48 + -56 + 12. Determine q(s).
-13
Let x(h) = -454*h**3 + 17*h**2 - 1 + 455*h**3 - 11*h + 52. Give x(-18).
-75
Let z(q) = q**2 + 5*q + 4. Suppose -16*v + 0*v = -112. Suppose -v*o - 40 + 5 = 0. Determine z(o).
4
Let l be (-10 - (-36)/4)/(1/(-2)). Let z(t) = -7*t**2 + 17 - t**3 - 19 + l*t + 9*t**2. What is z(3)?
-5
Let t(m) = -m**2 + 16*m - 17. Let h = -15059 + 15064. What is t(h)?
38
Let t be -8 + 3/(-2) + 81/18. Let l(g) = g**2 + 2*g + 5. What is l(t)?
20
Let i(y) be the third derivative of y**4/8 - y**3 - 5*y**2. Suppose 9*g + 6*g = 54 + 6. Give i(g).
6
Let w(j) = -j**3 - 11*j**2 - 9*j + 8. Suppose 156*h - 120*h + 360 = 0. Calculate w(h).
-2
Let g(t) = t + 38. Let i(s) = -s - 73. Let z(a) = -7*g(a) - 4*i(a). Determine z(13).
-13
Let p(b) = -11 - 4*b + 16*b**3 + 5 + 4*b**3 + 3*b**2 + 0*b**3 - 19*b**3. Suppose -5*u + 3 - 5 = -4*k, u = -k + 5. Let s be (-6)/(u/(-8)*-6). Calculate p(s).
-6
Let x be -3 + (3 - 6) + 1. Let a(v) = -11*v - 6. Let k(m) = -6*m - 3. Let h(p) = x*k(p) + 3*a(p). Let o be 5/(-10) - 8/16*11. Determine h(o).
15
Let w(a) = 67. Let o(d) = -d - 55. Let f(j) = 6*o(j) + 5*w(j). Calculate f(8).
-43
Let q(n) = -n**2 + 10*n - 4. Suppose 7*z + 3500 = 3031. Let j be 76/(-1)*(-2)/(-2). Let r = z - j. Calculate q(r).
5
Let g(o) = -o**2 - 26*o - 144. Let v be g(-9). Let i(w) = w**2 - 13*w - 11. Determine i(v).
-47
Let l(j) = j**3 - 12*j**2 - 16*j + 21. Let t = 10330 - 10317. Determine l(t).
-18
Let t(j) = -374*j + 66. Let k(g) = -11*g + 2. Let m(o) = -33*k(o) + t(o). What is m(10)?
-110
Let a(v) = -v**2 + 20*v - 104. Suppose 567*t - 570*t = x - 37, 5*t - 5*x - 75 = 0. Calculate a(t).
-13
Let p(x) = -2*x**2 - 7*x - 22. Suppose -25 = 5*a - g, 384 - 385 = -4*a + 5*g. Give p(a).
-52
Let s = 32 + 20. Let b(f) = 56 - 5*f + f - s. Let y(h) = h**2 - h + 1. Let r be y(3). Determine b(r).
-24
Let m(l) = -5*l**2 - 37*l - 41. Let j(i) = 8*i**2 + 62*i + 81. Let h(y) = -3*j(y) - 5*m(y). What is h(0)?
-38
Let j(o) = 11*o. Let l be -4 + 1 + 6 + -1 + 6. Let f be (4 + 0)*(-1 + 22/l). Suppose -22*g + 29*g = -f. Determine j(g).
-11
Let z(d) = 115*d - 28*d - 34*d - 63*d - 15. Calculate z(-5).
35
Suppose -2*h - 32 = -4*d, 30*d - 25*d - 62 = -3*h. Let j(a) = a**3 - 15*a**2 +